{"id":3194,"date":"2025-01-15T15:54:15","date_gmt":"2025-01-15T14:54:15","guid":{"rendered":"https:\/\/www.rosenberg-france.fr\/ECFanGrid\/?page_id=3194"},"modified":"2025-01-15T15:54:15","modified_gmt":"2025-01-15T14:54:15","slug":"modernisation-cta-site-agro-alimentaire","status":"publish","type":"page","link":"https:\/\/www.rosenberg-france.fr\/ECFanGrid\/nos-realisations\/modernisation-cta-site-agro-alimentaire\/","title":{"rendered":"Modernisation CTA &#8211; Site Agro-Alimentaire"},"content":{"rendered":"","protected":false},"excerpt":{"rendered":"","protected":false},"author":3,"featured_media":0,"parent":1008,"menu_order":0,"comment_status":"closed","ping_status":"closed","template":"template-parts\/modules.php","meta":{"_acf_changed":false,"footnotes":""},"class_list":{"1":"page"},"acf":[],"yoast_head":"<!-- This site is optimized with the Yoast SEO plugin v27.6 - https:\/\/yoast.com\/product\/yoast-seo-wordpress\/ -->\n<title>Volutes directrices, R\u00e9alisation ECFanGrid - Rosenberg France<\/title>\n<meta name=\"description\" content=\"Gr\u00e2ce \u00e0 nos volutes directrices, notre client \u00e0 pu \u00e9conomiser 13% d&#039;\u00e9nergie en plus des 40% de gains du mur de ventilateur.\" \/>\n<meta name=\"robots\" content=\"index, follow, max-snippet:-1, max-image-preview:large, max-video-preview:-1\" \/>\n<link rel=\"canonical\" href=\"https:\/\/www.rosenberg-france.fr\/ECFanGrid\/nos-realisations\/modernisation-cta-site-agro-alimentaire\/\" \/>\n<meta property=\"og:locale\" content=\"fr_FR\" \/>\n<meta property=\"og:type\" content=\"article\" \/>\n<meta property=\"og:title\" content=\"Volutes directrices, R\u00e9alisation ECFanGrid - Rosenberg France\" \/>\n<meta property=\"og:description\" content=\"Gr\u00e2ce \u00e0 nos volutes directrices, notre client \u00e0 pu \u00e9conomiser 13% d&#039;\u00e9nergie en plus des 40% de gains du mur de ventilateur.\" \/>\n<meta property=\"og:url\" content=\"https:\/\/www.rosenberg-france.fr\/ECFanGrid\/nos-realisations\/modernisation-cta-site-agro-alimentaire\/\" \/>\n<meta property=\"og:site_name\" content=\"EC FAN GRID\" \/>\n<meta name=\"twitter:card\" content=\"summary_large_image\" \/>\n<meta name=\"twitter:label1\" content=\"Dur\u00e9e de lecture estim\u00e9e\" \/>\n\t<meta name=\"twitter:data1\" content=\"4 minutes\" \/>\n<script type=\"application\/ld+json\" class=\"yoast-schema-graph\">{\"@context\":\"https:\\\/\\\/schema.org\",\"@graph\":[{\"@type\":\"WebPage\",\"@id\":\"https:\\\/\\\/www.rosenberg-france.fr\\\/ECFanGrid\\\/nos-realisations\\\/modernisation-cta-site-agro-alimentaire\\\/\",\"url\":\"https:\\\/\\\/www.rosenberg-france.fr\\\/ECFanGrid\\\/nos-realisations\\\/modernisation-cta-site-agro-alimentaire\\\/\",\"name\":\"Volutes directrices, R\u00e9alisation ECFanGrid - Rosenberg France\",\"isPartOf\":{\"@id\":\"https:\\\/\\\/www.rosenberg-france.fr\\\/ECFanGrid\\\/#website\"},\"datePublished\":\"2025-01-15T14:54:15+00:00\",\"description\":\"Gr\u00e2ce \u00e0 nos volutes directrices, notre client \u00e0 pu \u00e9conomiser 13% d'\u00e9nergie en plus des 40% de gains du mur de ventilateur.\",\"breadcrumb\":{\"@id\":\"https:\\\/\\\/www.rosenberg-france.fr\\\/ECFanGrid\\\/nos-realisations\\\/modernisation-cta-site-agro-alimentaire\\\/#breadcrumb\"},\"inLanguage\":\"fr-FR\",\"potentialAction\":[{\"@type\":\"ReadAction\",\"target\":[\"https:\\\/\\\/www.rosenberg-france.fr\\\/ECFanGrid\\\/nos-realisations\\\/modernisation-cta-site-agro-alimentaire\\\/\"]}]},{\"@type\":\"BreadcrumbList\",\"@id\":\"https:\\\/\\\/www.rosenberg-france.fr\\\/ECFanGrid\\\/nos-realisations\\\/modernisation-cta-site-agro-alimentaire\\\/#breadcrumb\",\"itemListElement\":[{\"@type\":\"ListItem\",\"position\":1,\"name\":\"Accueil\",\"item\":\"https:\\\/\\\/www.rosenberg-france.fr\\\/ECFanGrid\\\/\"},{\"@type\":\"ListItem\",\"position\":2,\"name\":\"Nos r\u00e9alisations\",\"item\":\"https:\\\/\\\/www.rosenberg-france.fr\\\/ECFanGrid\\\/nos-realisations\\\/\"},{\"@type\":\"ListItem\",\"position\":3,\"name\":\"Modernisation CTA &#8211; Site Agro-Alimentaire\"}]},{\"@type\":\"WebSite\",\"@id\":\"https:\\\/\\\/www.rosenberg-france.fr\\\/ECFanGrid\\\/#website\",\"url\":\"https:\\\/\\\/www.rosenberg-france.fr\\\/ECFanGrid\\\/\",\"name\":\"EC FAN GRID\",\"description\":\"R\u00e9duire  votre consommation \u00e9nerg\u00e9tique\",\"publisher\":{\"@id\":\"https:\\\/\\\/www.rosenberg-france.fr\\\/ECFanGrid\\\/#organization\"},\"potentialAction\":[{\"@type\":\"SearchAction\",\"target\":{\"@type\":\"EntryPoint\",\"urlTemplate\":\"https:\\\/\\\/www.rosenberg-france.fr\\\/ECFanGrid\\\/?s={search_term_string}\"},\"query-input\":{\"@type\":\"PropertyValueSpecification\",\"valueRequired\":true,\"valueName\":\"search_term_string\"}}],\"inLanguage\":\"fr-FR\"},{\"@type\":\"Organization\",\"@id\":\"https:\\\/\\\/www.rosenberg-france.fr\\\/ECFanGrid\\\/#organization\",\"name\":\"EC FAN GRID\",\"url\":\"https:\\\/\\\/www.rosenberg-france.fr\\\/ECFanGrid\\\/\",\"logo\":{\"@type\":\"ImageObject\",\"inLanguage\":\"fr-FR\",\"@id\":\"https:\\\/\\\/www.rosenberg-france.fr\\\/ECFanGrid\\\/#\\\/schema\\\/logo\\\/image\\\/\",\"url\":\"https:\\\/\\\/www.rosenberg-france.fr\\\/ECFanGrid\\\/wp-content\\\/uploads\\\/2021\\\/12\\\/ROSENBERG_FR_LOGO.svg\",\"contentUrl\":\"https:\\\/\\\/www.rosenberg-france.fr\\\/ECFanGrid\\\/wp-content\\\/uploads\\\/2021\\\/12\\\/ROSENBERG_FR_LOGO.svg\",\"caption\":\"EC FAN GRID\"},\"image\":{\"@id\":\"https:\\\/\\\/www.rosenberg-france.fr\\\/ECFanGrid\\\/#\\\/schema\\\/logo\\\/image\\\/\"}}]}<\/script>\n<!-- \/ Yoast SEO plugin. -->","yoast_head_json":{"title":"Volutes directrices, R\u00e9alisation ECFanGrid - Rosenberg France","description":"Gr\u00e2ce \u00e0 nos volutes directrices, notre client \u00e0 pu \u00e9conomiser 13% d'\u00e9nergie en plus des 40% de gains du mur de ventilateur.","robots":{"index":"index","follow":"follow","max-snippet":"max-snippet:-1","max-image-preview":"max-image-preview:large","max-video-preview":"max-video-preview:-1"},"canonical":"https:\/\/www.rosenberg-france.fr\/ECFanGrid\/nos-realisations\/modernisation-cta-site-agro-alimentaire\/","og_locale":"fr_FR","og_type":"article","og_title":"Volutes directrices, R\u00e9alisation ECFanGrid - Rosenberg France","og_description":"Gr\u00e2ce \u00e0 nos volutes directrices, notre client \u00e0 pu \u00e9conomiser 13% d'\u00e9nergie en plus des 40% de gains du mur de ventilateur.","og_url":"https:\/\/www.rosenberg-france.fr\/ECFanGrid\/nos-realisations\/modernisation-cta-site-agro-alimentaire\/","og_site_name":"EC FAN GRID","twitter_card":"summary_large_image","twitter_misc":{"Dur\u00e9e de lecture estim\u00e9e":"4 minutes"},"schema":{"@context":"https:\/\/schema.org","@graph":[{"@type":"WebPage","@id":"https:\/\/www.rosenberg-france.fr\/ECFanGrid\/nos-realisations\/modernisation-cta-site-agro-alimentaire\/","url":"https:\/\/www.rosenberg-france.fr\/ECFanGrid\/nos-realisations\/modernisation-cta-site-agro-alimentaire\/","name":"Volutes directrices, R\u00e9alisation ECFanGrid - Rosenberg France","isPartOf":{"@id":"https:\/\/www.rosenberg-france.fr\/ECFanGrid\/#website"},"datePublished":"2025-01-15T14:54:15+00:00","description":"Gr\u00e2ce \u00e0 nos volutes directrices, notre client \u00e0 pu \u00e9conomiser 13% d'\u00e9nergie en plus des 40% de gains du mur de ventilateur.","breadcrumb":{"@id":"https:\/\/www.rosenberg-france.fr\/ECFanGrid\/nos-realisations\/modernisation-cta-site-agro-alimentaire\/#breadcrumb"},"inLanguage":"fr-FR","potentialAction":[{"@type":"ReadAction","target":["https:\/\/www.rosenberg-france.fr\/ECFanGrid\/nos-realisations\/modernisation-cta-site-agro-alimentaire\/"]}]},{"@type":"BreadcrumbList","@id":"https:\/\/www.rosenberg-france.fr\/ECFanGrid\/nos-realisations\/modernisation-cta-site-agro-alimentaire\/#breadcrumb","itemListElement":[{"@type":"ListItem","position":1,"name":"Accueil","item":"https:\/\/www.rosenberg-france.fr\/ECFanGrid\/"},{"@type":"ListItem","position":2,"name":"Nos r\u00e9alisations","item":"https:\/\/www.rosenberg-france.fr\/ECFanGrid\/nos-realisations\/"},{"@type":"ListItem","position":3,"name":"Modernisation CTA &#8211; Site Agro-Alimentaire"}]},{"@type":"WebSite","@id":"https:\/\/www.rosenberg-france.fr\/ECFanGrid\/#website","url":"https:\/\/www.rosenberg-france.fr\/ECFanGrid\/","name":"EC FAN GRID","description":"R\u00e9duire  votre consommation \u00e9nerg\u00e9tique","publisher":{"@id":"https:\/\/www.rosenberg-france.fr\/ECFanGrid\/#organization"},"potentialAction":[{"@type":"SearchAction","target":{"@type":"EntryPoint","urlTemplate":"https:\/\/www.rosenberg-france.fr\/ECFanGrid\/?s={search_term_string}"},"query-input":{"@type":"PropertyValueSpecification","valueRequired":true,"valueName":"search_term_string"}}],"inLanguage":"fr-FR"},{"@type":"Organization","@id":"https:\/\/www.rosenberg-france.fr\/ECFanGrid\/#organization","name":"EC FAN GRID","url":"https:\/\/www.rosenberg-france.fr\/ECFanGrid\/","logo":{"@type":"ImageObject","inLanguage":"fr-FR","@id":"https:\/\/www.rosenberg-france.fr\/ECFanGrid\/#\/schema\/logo\/image\/","url":"https:\/\/www.rosenberg-france.fr\/ECFanGrid\/wp-content\/uploads\/2021\/12\/ROSENBERG_FR_LOGO.svg","contentUrl":"https:\/\/www.rosenberg-france.fr\/ECFanGrid\/wp-content\/uploads\/2021\/12\/ROSENBERG_FR_LOGO.svg","caption":"EC FAN GRID"},"image":{"@id":"https:\/\/www.rosenberg-france.fr\/ECFanGrid\/#\/schema\/logo\/image\/"}}]}},"_links":{"self":[{"href":"https:\/\/www.rosenberg-france.fr\/ECFanGrid\/wp-json\/wp\/v2\/pages\/3194","targetHints":{"allow":["GET"]}}],"collection":[{"href":"https:\/\/www.rosenberg-france.fr\/ECFanGrid\/wp-json\/wp\/v2\/pages"}],"about":[{"href":"https:\/\/www.rosenberg-france.fr\/ECFanGrid\/wp-json\/wp\/v2\/types\/page"}],"author":[{"embeddable":true,"href":"https:\/\/www.rosenberg-france.fr\/ECFanGrid\/wp-json\/wp\/v2\/users\/3"}],"replies":[{"embeddable":true,"href":"https:\/\/www.rosenberg-france.fr\/ECFanGrid\/wp-json\/wp\/v2\/comments?post=3194"}],"version-history":[{"count":4,"href":"https:\/\/www.rosenberg-france.fr\/ECFanGrid\/wp-json\/wp\/v2\/pages\/3194\/revisions"}],"predecessor-version":[{"id":3200,"href":"https:\/\/www.rosenberg-france.fr\/ECFanGrid\/wp-json\/wp\/v2\/pages\/3194\/revisions\/3200"}],"up":[{"embeddable":true,"href":"https:\/\/www.rosenberg-france.fr\/ECFanGrid\/wp-json\/wp\/v2\/pages\/1008"}],"wp:attachment":[{"href":"https:\/\/www.rosenberg-france.fr\/ECFanGrid\/wp-json\/wp\/v2\/media?parent=3194"}],"curies":[{"name":"wp","href":"https:\/\/api.w.org\/{rel}","templated":true}]}}